9982247?
9
What is the ten thousands digit of 18100824?
0
What is the hundred millions digit of 174252940?
1
What is the hundreds digit of 5529431?
4
What is the hundreds digit of 922979018?
0
What is the hundreds digit of 3517408209?
2
What is the thousands digit of 10816689?
6
What is the millions digit of 129754133?
9
What is the units digit of 2917305938?
8
What is the thousands digit of 182468501?
8
What is the units digit of 276153262?
2
What is the hundreds digit of 263322177?
1
What is the millions digit of 408602805?
8
What is the thousands digit of 70008816?
8
What is the ten millions digit of 366743506?
6
What is the ten thousands digit of 201357081?
5
What is the thousands digit of 637582022?
2
What is the thousands digit of 28636606?
6
What is the hundred thousands digit of 40584316?
5
What is the ten thousands digit of 191956455?
5
What is the millions digit of 29235409?
9
What is the hundred thousands digit of 60365636?
3
What is the hundreds digit of 2201367658?
6
What is the hundreds digit of 223056277?
2
What is the millions digit of 1286075758?
6
What is the hundred millions digit of 297511962?
2
What is the tens digit of 985950198?
9
What is the ten thousands digit of 1419536677?
3
What is the ten thousands digit of 73334131?
3
What is the hundred thousands digit of 841174793?
1
What is the ten millions digit of 164793289?
6
What is the units digit of 1324829986?
6
What is the hundred thousands digit of 15583827?
5
What is the hundred millions digit of 327933129?
3
What is the hundred millions digit of 2138633707?
1
What is the millions digit of 31891217?
1
What is the units digit of 219878606?
6
What is the tens digit of 582005950?
5
What is the tens digit of 6481468443?
4
What is the units digit of 2040323818?
8
What is the billions digit of 1155738869?
1
What is the ten thousands digit of 365231752?
3
What is the millions digit of 111880115?
1
What is the hundreds digit of 66971670?
6
What is the millions digit of 485211015?
5
What is the hundred thousands digit of 17871342?
8
What is the hundred thousands digit of 801235334?
2
What is the tens digit of 1537218302?
0
What is the hundred millions digit of 370703586?
3
What is the billions digit of 3341294847?
3
What is the thousands digit of 456236418?
6
What is the hundreds digit of 7028720?
7
What is the hundred thousands digit of 1777697790?
6
What is the ten thousands digit of 271994608?
9
What is the hundred thousands digit of 759920994?
9
What is the units digit of 64203357?
7
What is the thousands digit of 89526927?
6
What is the units digit of 4914510?
0
What is the billions digit of 3808817746?
3
What is the billions digit of 3344652304?
3
What is the millions digit of 3253389022?
3
What is the thousands digit of 2009499846?
9
What is the ten millions digit of 575343939?
7
What is the thousands digit of 3999519523?
9
What is the units digit of 543061600?
0
What is the billions digit of 2047596977?
2
What is the thousands digit of 33021017?
1
What is the hundred thousands digit of 2294499234?
4
What is the thousands digit of 74387683?
7
What is the ten thousands digit of 4804962?
0
What is the units digit of 299092237?
7
What is the hundred thousands digit of 34066421?
0
What is the millions digit of 201339982?
1
What is the hundred thousands digit of 421236461?
2
What is the ten millions digit of 129584964?
2
What is the hundred millions digit of 1979785491?
9
What is the units digit of 116887254?
4
What is the millions digit of 25467170?
5
What is the units digit of 41089708?
8
What is the hundreds digit of 201170741?
7
What is the ten thousands digit of 869809732?
0
What is the units digit of 1009442059?
9
What is the ten thousands digit of 96630208?
3
What is the ten thousands digit of 35195200?
9
What is the hundreds digit of 6290993688?
6
What is the ten thousands digit of 587232902?
3
What is the tens digit of 1131518099?
9
What is the hundreds digit of 695426432?
4
What is the ten thousands digit of 54233533?
3
What is the millions digit of 40352536?
0
What is the units digit of 25813571?
1
What is the ten millions digit of 1285746926?
8
What is the ten millions digit of 468279139?
6
What is the millions digit of 467130128?
7
What is the ten thousands digit of 3071015179?
1
What is the ten thousands digit of 42826105?
2
What is the ten thousands digit of 4747516969?
1
What is the hundred thousands digit of 285766052?
7
What is the tens digit of 356134656?
5
What is the ten thousands digit of 22516729?
1
What is the tens digit of 1537343049?
4
What is the tens digit of 35411089?
8
What is the hundred millions digit of 223476745?
2
What is the hundred thousands digit of 442300535?
3
What is the hundreds digit of 586267353?
3
What is the tens digit of 605425553?
5
What is the hundred millions digit of 278979863?
2
What is the tens digit of 3988853?
5
What is the ten millions digit of 83335432?
8
What is the ten millions digit of 1133037058?
3
What is the tens digit of 826299376?
7
What is the millions digit of 12279552?
2
What is the thousands digit of 134434200?
4
What is the ten millions digit of 475266075?
7
What is the tens digit of 8582944047?
4
What is the millions digit of 23462125?
3
What is the tens digit of 1537188768?
6
What is the hundreds digit of 64361344?
3
What is the hundreds digit of 3258710375?
3
What is the tens digit of 1391132188?
8
What is the thousands digit of 11704792?
4
What is the ten thousands digit of 71108563?
0
What is the tens digit of 114590722?
2
What is the hundred thousands digit of 29856195?
8
What is the hundreds digit of 563691918?
9
What is the ten millions digit of 719578121?
1
What is the hundred thousands digit of 35273476?
2
What is the ten thousands digit of 64386284?
8
What is the hundred millions digit of 242288753?
2
What is the units digit of 1021822483?
3
What is the millions digit of 3321148078?
1
What is the hundreds digit of 340660894?
8
What is the tens digit of 21463752?
5
What is the hundred thousands digit of 124687730?
6
What is the millions digit of 297016117?
7
What is the ten millions digit of 803593676?
0
What is the millions digit of 3358693?
3
What is the tens digit of 205218163?
6
What is the ten millions digit of 3353794729?
5
What is the hundred millions digit of 574285336?
5
What is the ten millions digit of 145733961?
4
What is the hundreds digit of 145476243?
2
What is the millions digit of 6592827?
6
What is the hundred thousands digit of 2814507545?
5
What is the hundreds digit of 36650930?
9
What is the hundred thousands digit of 9476733?
4
What is the units digit of 6126636121?
1
What is the hundred thousands digit of 454875501?
8
What is the tens digit of 2047571813?
1
What is the millions digit of 55935629?
5
What is the hundred thousands digit of 748595913?
5
What is the millions digit of 1223442711?
3
What is the ten millions digit of 90112818?
9
What is the hundred millions digit of 1593476008?
5
What is the tens digit of 233492743?
4
What is the ten millions digit of 1157269510?
5
What is the tens digit of 1696285898?
9
What is the hundreds digit of 5565729?
7
What is the tens digit of 33318183?
8
What is the tens digit of 1545106772?
7
What is the hundred millions digit of 128701212?
1
What is the tens digit of 94235609?
0
What is the ten thousands digit of 895055829?
5
What is the hundred thousands digit of 21284511?
2
What is the units digit of 5341455536?
6
What is the hundreds digit of 967897925?
9
What is the thousands digit of 6189138?
9
What is the units digit of 971300744?
4
What is the units digit of 22781710?
0
What is the units digit of 1826175772?
2
What is the hundred millions digit of 1854463615?
8
What is the tens digit of 686887625?
2
What is the hundreds digit of 138267354?
3
What is the thousands digit of 167383957?
3
What is the millions digit of 40656274?
0
What is the hundred millions digit of 703926667?
7
What is the millions digit of 801085743?
1
What is the hundreds digit of 16579126?
1
What is the millions digit of 1198268039?
8
What is the millions digit of 747587058?
7
What is the ten millions digit of 638068256?
3
What is the thousands digit of 119991942?
1
What is the hundreds digit of 1618451649?
6
What is the ten thousands digit of 2438684947?